{"id":124,"date":"2013-05-03T19:33:08","date_gmt":"2013-05-03T18:33:08","guid":{"rendered":"http:\/\/zigarustja.com\/?page_id=124"},"modified":"2022-03-12T11:36:21","modified_gmt":"2022-03-12T10:36:21","slug":"objave-2","status":"publish","type":"page","link":"https:\/\/www.zigarustja.com\/?page_id=124","title":{"rendered":"Trgovina"},"content":{"rendered":"\n<p class=\"has-text-align-center has-larger-font-size\"><strong>ALBUM &#8220;\u010cAS&#8221;<\/strong><\/p>\n\n\n\n<div class=\"wp-block-image\"><figure class=\"aligncenter size-full is-resized\"><a href=\"https:\/\/www.zigarustja.com\/wp-content\/uploads\/ab67616d0000b2739dcb92b9808f7b029015b92e.jpeg\"><img loading=\"lazy\" decoding=\"async\" src=\"https:\/\/www.zigarustja.com\/wp-content\/uploads\/ab67616d0000b2739dcb92b9808f7b029015b92e.jpeg\" alt=\"\" class=\"wp-image-802\" width=\"480\" height=\"480\" srcset=\"https:\/\/www.zigarustja.com\/wp-content\/uploads\/ab67616d0000b2739dcb92b9808f7b029015b92e.jpeg 640w, https:\/\/www.zigarustja.com\/wp-content\/uploads\/ab67616d0000b2739dcb92b9808f7b029015b92e-300x300.jpeg 300w, https:\/\/www.zigarustja.com\/wp-content\/uploads\/ab67616d0000b2739dcb92b9808f7b029015b92e-150x150.jpeg 150w\" sizes=\"auto, (max-width: 480px) 100vw, 480px\" \/><\/a><\/figure><\/div>\n\n\n\n<p class=\"has-text-align-center has-large-font-size\">Izberi svojo digitalno platformo<br><a rel=\"noreferrer noopener\" href=\"https:\/\/open.spotify.com\/album\/2GqiA5zDYUFJRwsBv3pNlc\" target=\"_blank\">SPOTIFY<\/a> \/\/ <a rel=\"noreferrer noopener\" href=\"https:\/\/music.apple.com\/si\/album\/\u010das\/1390449169\" target=\"_blank\">APPLE MUSIC<\/a> \/\/ <a rel=\"noreferrer noopener\" href=\"https:\/\/deezer.page.link\/s1pFkeHhhxqeDWcJ6\" target=\"_blank\">DEEZER<\/a><br><br>Ali naro\u010di svojo plo\u0161\u010do in po\u0161tnino pla\u010damo mi na info@studio106.si<\/p>\n\n\n\n<p class=\"has-text-align-center has-larger-font-size\"><strong>ALBUM &#8220;Z MOJE PERSPEKTIVE&#8221;<\/strong><\/p>\n\n\n\n<div class=\"wp-block-image is-style-default\"><figure class=\"aligncenter size-large is-resized\"><a href=\"https:\/\/www.zigarustja.com\/wp-content\/uploads\/1200x1200bf-60.jpg\"><img loading=\"lazy\" decoding=\"async\" src=\"https:\/\/www.zigarustja.com\/wp-content\/uploads\/1200x1200bf-60-1024x1024.jpg\" alt=\"\" class=\"wp-image-801\" width=\"512\" height=\"512\" srcset=\"https:\/\/www.zigarustja.com\/wp-content\/uploads\/1200x1200bf-60-1024x1024.jpg 1024w, https:\/\/www.zigarustja.com\/wp-content\/uploads\/1200x1200bf-60-300x300.jpg 300w, https:\/\/www.zigarustja.com\/wp-content\/uploads\/1200x1200bf-60-150x150.jpg 150w, https:\/\/www.zigarustja.com\/wp-content\/uploads\/1200x1200bf-60-768x768.jpg 768w, https:\/\/www.zigarustja.com\/wp-content\/uploads\/1200x1200bf-60.jpg 1200w\" sizes=\"auto, (max-width: 512px) 100vw, 512px\" \/><\/a><\/figure><\/div>\n\n\n\n<p class=\"has-text-align-center has-large-font-size\">Izberi svojo digitalno platformo:<br><a href=\"https:\/\/open.spotify.com\/album\/7mj2SvVUq6FbCNsZjCplDx\" target=\"_blank\" rel=\"noreferrer noopener\">SPOTIFY<\/a> \/\/ <a href=\"https:\/\/music.apple.com\/si\/album\/z-moje-perspektive\/953455769\" target=\"_blank\" rel=\"noreferrer noopener\">APPLE MUSIC<\/a> \/\/ <a href=\"https:\/\/deezer.page.link\/Jn4UsoSxLtQnBxSd8\" target=\"_blank\" rel=\"noreferrer noopener\">DEEZER<\/a><br><br>Ali naro\u010di svojo plo\u0161\u010do in po\u0161tnino pla\u010damo mi na info@studio106.si<\/p>\n","protected":false},"excerpt":{"rendered":"<p>ALBUM &#8220;\u010cAS&#8221; Izberi svojo digitalno platformoSPOTIFY \/\/ APPLE MUSIC \/\/ DEEZER Ali naro\u010di svojo plo\u0161\u010do&#8230;<\/p>\n<div class=\"more-link-wrapper\"><a class=\"more-link\" href=\"https:\/\/www.zigarustja.com\/?page_id=124\">Preberi do konca&#8230;<span class=\"screen-reader-text\">Trgovina<\/span><\/a><\/div>\n","protected":false},"author":2,"featured_media":0,"parent":0,"menu_order":0,"comment_status":"closed","ping_status":"closed","template":"","meta":{"iawp_total_views":45,"footnotes":""},"class_list":["post-124","page","type-page","status-publish","hentry","excerpt","zoom","full-without-featured","even","excerpt-0"],"_links":{"self":[{"href":"https:\/\/www.zigarustja.com\/index.php?rest_route=\/wp\/v2\/pages\/124","targetHints":{"allow":["GET"]}}],"collection":[{"href":"https:\/\/www.zigarustja.com\/index.php?rest_route=\/wp\/v2\/pages"}],"about":[{"href":"https:\/\/www.zigarustja.com\/index.php?rest_route=\/wp\/v2\/types\/page"}],"author":[{"embeddable":true,"href":"https:\/\/www.zigarustja.com\/index.php?rest_route=\/wp\/v2\/users\/2"}],"replies":[{"embeddable":true,"href":"https:\/\/www.zigarustja.com\/index.php?rest_route=%2Fwp%2Fv2%2Fcomments&post=124"}],"version-history":[{"count":8,"href":"https:\/\/www.zigarustja.com\/index.php?rest_route=\/wp\/v2\/pages\/124\/revisions"}],"predecessor-version":[{"id":803,"href":"https:\/\/www.zigarustja.com\/index.php?rest_route=\/wp\/v2\/pages\/124\/revisions\/803"}],"wp:attachment":[{"href":"https:\/\/www.zigarustja.com\/index.php?rest_route=%2Fwp%2Fv2%2Fmedia&parent=124"}],"curies":[{"name":"wp","href":"https:\/\/api.w.org\/{rel}","templated":true}]}}